{"id":90,"date":"2024-04-15T13:57:21","date_gmt":"2024-04-15T13:57:21","guid":{"rendered":"https:\/\/impodcastsumpf.de\/?page_id=90"},"modified":"2026-01-05T10:50:24","modified_gmt":"2026-01-05T10:50:24","slug":"news","status":"publish","type":"page","link":"https:\/\/impodcastsumpf.de\/?page_id=90","title":{"rendered":"News"},"content":{"rendered":"\n<p>Ger\u00fcchte, Fakten, Neuigkeiten oder auch mal Korrekturen oder wichtige Termine aus der Podcast-Szene. Das alles findet Ihr hier auf dieser Seite.<\/p>\n\n\n\n<p>Wenn Ihr Tratsch, Nachrichten und interessante Anekdoten aus der Podcastszene f\u00fcr uns habt, dann schreibt uns. Wir wollen mitreden! Am besten erreicht Ihr uns \u00fcber unser <a href=\"https:\/\/impodcastsumpf.de\/?page_id=77\" data-type=\"page\" data-id=\"77\">Kontaktformular<\/a><\/p>\n\n\n\n<p>++++++++ Meldung Januar 2026 +++++++++<\/p>\n\n\n\n<p>Der von uns vorgestellte Podcast <a href=\"https:\/\/fyyd.de\/episode\/14268381\" data-type=\"link\" data-id=\"https:\/\/fyyd.de\/episode\/14268381\">Skandal, Skandal <\/a>wird vorerst eingestellt. \u00dcber die Gr\u00fcnde ist nichts N\u00e4heres bekannt. Auf Nachfrage der Fans haben die beiden Hosts Yasmin Polat und Philipp Isterewicz\u00a0 auf ihrem Skandal, Skandal Instagram Kanal ein kurzes Statement hinterlassen. \u00dcber die Zukunft der beiden Hosts ist nichts bekannt. Wir bleiben dran. <\/p>\n\n\n\n<p class=\"has-text-align-center\">++++++++ Meldung Dezember 2024 +++++++++<\/p>\n\n\n\n<p>Der Deutsche Podcastpreis wird eingestellt. Scheinbar gibt es keine ausreichende Finanzierung. Ist zwar schade, aber ob das wirklich ein Verlust ist, da streitet sich die Szene. Der Preis galt ohnehin als Mainstreampreis, bei dem die kleinen Podcasts komplett chancenlos waren. Ein &#8222;echter&#8220; Preis w\u00e4re sicherlich besser f\u00fcr die Branche gewesen, denn nur reichweitenstarke Podcasts hatten die Chance auf einen der begehrten Auszeichnungen. Um unbekannte Podcasts auszuzeichnen, lag  zu viel Entscheidungsgewalt beim Publikum.<\/p>\n\n\n\n<p>Sei&#8217;s drum. Aufstehen, Kr\u00f6nchen richten und weiter machen. Wir suchen auf alle F\u00e4lle weiter f\u00fcr Euch nach den Perlen im Podcastsumpf.<\/p>\n\n\n\n<p><a href=\"https:\/\/www.deutscher-podcastpreis.de\/#about\">Hier geht&#8217;s zur Stellungnahme des Podcastpreises   <\/a> <\/p>\n\n\n\n<p class=\"has-text-align-center\">++++++++ Meldung Oktober 2024 +++++++++<\/p>\n\n\n\n<p>Zwei Meldungen, die euch vielleicht interessieren. Der von uns besprochene und im April 2024 eingestellte Podcast &#8222;Erwartet unerwartet&#8220; ist zur\u00fcck. Die Schaffenskrise ist \u00fcberwunden und es geht weiter. <a href=\"https:\/\/linktr.ee\/ErwartetUnerwartet\">Hier geht&#8217;s zum Podcast<\/a><\/p>\n\n\n\n<p>Und noch eine Meldung. Der von uns in Folge 60 vorgestellte und mit einer Fanfare versehene Podcast <a href=\"https:\/\/www.ardaudiothek.de\/sendung\/in-5-tagen-mord-die-krimi-challenge-mit-ki\/13027883\/\">&#8222;In 5 Tagen Mord&#8220;<\/a> hat tats\u00e4chlich den Grimme Preis im Bereich Sonderreis KI bekommen. Da hatten wir ja mal wieder das richtige N\u00e4schen. Herzlichen Gl\u00fcckwunsch!<br><a href=\"https:\/\/www.br.de\/presse\/inhalt\/pressemitteilungen\/goa-zwei-preise-2024-100.html#:~:text=%C3%9Cber%20gleich%20zwei%20Auszeichnungen%20beim,Krimi%2DChallenge%20mit%20KI%22.\">Hier geht&#8217;s zur Meldung<\/a><\/p>\n\n\n\n<p><\/p>\n\n\n\n<p class=\"has-text-align-center\">++++++++ Meldung aus dem Mai 2024 +++++++++<\/p>\n\n\n\n<p><em>Google Podcast wird eingestellt<\/em><\/p>\n\n\n\n<p>Urspr\u00fcnglich f\u00fcr Juni angek\u00fcndigt, hat Google bereits zum April seinen Service Google-Podcast eingestellt. Die Nutzer sollen mit dieser Ma\u00dfnahme zu YouTube wechseln. Um den \u00dcbergang einfacher zu gestalten, soll Zuh\u00f6rern ein einfaches Migrationstool an die Hand gegeben werden, um RSS-Feeds ihrer Podcasts zur Bibliothek von YouTube Music hinzuf\u00fcgen. Wer eine andere Plattform bevorzugt, soll eine OPML-Datei bekommen, um die Podcast-Abos auch in andere Player zu \u00fcbertragen. Auch Podcast-Produzenten sollen entsprechende Werkzeuge angeboten werden f\u00fcr den YouTube-Transfer.<\/p>\n\n\n\n<p>Quelle: <a href=\"https:\/\/www.heise.de\/news\/Google-stellt-Podcasts-ein-die-eigene-App-fuer-Podcasts-9318315.html\">Heise Online<\/a><\/p>\n\n\n\n<p class=\"has-text-align-center\">++++++++ Meldung aus dem April 2024 +++++++++<\/p>\n\n\n\n<p>Die nachfolgende Meldung ist oben aktualisiert!<\/p>\n\n\n\n<p><em><strong>&#8222;<\/strong><\/em><s><em><strong>Erwartet unerwartet&#8220; ist eingestellt. <\/strong><br><\/em><br>Der von uns vorgestellte Podcast<a href=\"https:\/\/www.podcast.de\/podcast\/2628437\/erwartet-unerwartet\" data-type=\"link\" data-id=\"https:\/\/www.podcast.de\/podcast\/2628437\/erwartet-unerwartet\" target=\"_blank\" rel=\"noreferrer noopener\"> &#8222;Erwartet unerwartet&#8220;<\/a> ist beendet. Die beiden Hosts Meik und Rieke haben sich in ihrer letzten Folge, die bereits am 31.12.2023 erschienen ist, nicht wirklich detailliert erkl\u00e4rt. Nur so viel sei sicher: Sie haben sich nicht im Streit getrennt und bleiben privat weiterhin befreundet. Dies l\u00e4sst darauf schlie\u00dfen, dass sie aus zeitlichen gr\u00fcnden den Podcast nicht mehr in der gewohnten Qualit\u00e4t liefern k\u00f6nnen und damit folgerichtig aufh\u00f6ren. Die Fans des Podcasts bleiben jedoch mit einem funken Hoffnung zur\u00fcck. denn beide haben eine R\u00fcckkehr nicht Ausgeschlossen.<\/s><\/p>\n\n\n\n<hr class=\"wp-block-separator has-alpha-channel-opacity\"\/>\n\n\n\n<p><em><strong>Apple und Spotify &#8211; Der Kampf der Giganten<\/strong><br><\/em><br>Apple will bei Spotify mitkassieren, was Spotify nat\u00fcrlich verhindern will. Seit Monaten geht das jetzt schon hin und her. Das ganze ist nun darin gegipfelt, dass Spotify nun nicht mehr erlaubt, dass die Abonennten mit ApplePay bezahlen k\u00f6nnen. Wer ApplePay bisher genutzt hat, wird auf ein kostenloses werbegest\u00fctztes Abo zur\u00fcckgestuft. Die beiden Gro\u00dfkonzerne m\u00f6gen sich gar nicht. Spotify wirft Apple &#8222;Erpressung&#8220; vor. Sie behaupten, dass Apple die Konkurrenz im Streaming benachteiligen w\u00fcrde. Ein k\u00fcrzlich in Kraft getretenes EU Gesetz (DMA), verschafft Spotofy einen weiteren Sieg gegen \u00fcber dem iPhone Hersteller. Das Gesetz verbietet, dass sogenannte \u201eGatekeeper\u201c wie Google und Apple ihre eigenen Dienste nicht gegen\u00fcber Wettbewerbern bevorzugen.<\/p>\n\n\n\n<p>Quellen: <a href=\"https:\/\/tarnkappe.info\/artikel\/streaming\/spotify-revolutioniert-bezahlsystem-fuer-ios-nutzer-in-der-eu-288318.html\">Tarnkappe<\/a>, <a href=\"https:\/\/support.spotify.com\/de\/article\/apple-payments\/\" target=\"_blank\" rel=\"noreferrer noopener\">Spotify<\/a>, <a href=\"https:\/\/www.faz.net\/aktuell\/wirtschaft\/unternehmen\/spotify-nennt-apple-gebuehren-erpressung-auch-fuer-nicht-nutzer-zahlen-19478218.html\" data-type=\"link\" data-id=\"https:\/\/www.faz.net\/aktuell\/wirtschaft\/unternehmen\/spotify-nennt-apple-gebuehren-erpressung-auch-fuer-nicht-nutzer-zahlen-19478218.html\" target=\"_blank\" rel=\"noreferrer noopener\">FAZ<\/a><\/p>\n\n\n\n<p class=\"has-text-align-center\">++++++++ Meldung aus dem M\u00e4rz 2024 +++++++++<\/p>\n\n\n\n<p><em>Weird Crimes h\u00f6rt auf<\/em><\/p>\n\n\n\n<p>Der von vorgestellte und hochgelobte Podcast Weird Crimes stellt seinen Dienst im September 2024 ein Dies verk\u00fcndeten die beiden Hosts Ines Anioli und Visa Vies. Angaben zu den Gr\u00fcnden gab es keine, jedoch hat Visa Vies seit einiger Zeit mit den Folgen einer Long Covid Erkrankung zu k\u00e4mpfen, die sie auch u.a. in einem eigenen Podcast \u00f6ffentlich gemacht hat. Wie es mit den beiden weitergeht wurde bisher noch nicht verraten. <\/p>\n\n\n\n<p class=\"has-text-align-center\">+++++++Meldung aus dem April 2024+++++++<\/p>\n\n\n\n<p><em>Deutscher Podcastpreis<\/em><\/p>\n\n\n\n<p>Noch bis zum 9. April kann f\u00fcr den  deutschen Podcast-Preis 2024 abgestimmt werden. Der reine Publikumspreis wird in 5 Kategorien verliehen. Das ist unserer Meinung nach nicht zielf\u00fchrend, die wirklich guten Podcasts zu premieren, da nur die Podcasts mit gro\u00dfer Reichweite von dem Preis profitieren. Bewerben kann sich zwar jeder Podcast, allerdings sind die Chancen f\u00fcr einen reichweitengeringen Podcast nahe Null. Man sollte einen Podcastpreis von einer unabh\u00e4ngigen Jura ausloben, um auch kleinen Produktionen eine Chance zu geben. Aber was soll&#8217;s &#8230; so ist die Unterhaltungsbranche eben. <\/p>\n\n\n\n<p><\/p>\n\n\n\n<p class=\"has-text-align-center\">+++++++Meldung aus dem November 2023+++++++<\/p>\n\n\n\n<p><em>Die bravor\u00f6sen 90er ist eingestellt<\/em><\/p>\n\n\n\n<p>Der von Tina vorgestellte Podcast <a href=\"https:\/\/meinmusikpodcast.de\/die-bravouroesen-90er\/\">&#8222;Die bravour\u00f6sen 90er&#8220;<\/a> wurde eingestellt. Im November 2023 haben die beiden Hosts Andreas und Jenni nach ganzen 5 Monaten Pause eine letzte Folge f\u00fcr ihre Fans zum Abschied aufgenommen. Als Grund f\u00fcr die Einstellung des Formats, ist nat\u00fcrlich wie so oft die fehlende Zeit der Protagonisten genannt.<\/p>\n\n\n\n<p>Deine News &#8230;.<\/p>\n\n\n\n<p>Du bist Podcaster, Fan, hast etwas aus der Szene zu verk\u00fcnden oder  du bist einfach nur gut informiert? Dann schicke uns deine News aus der Podcastszene. Am besten \u00fcber unser <a href=\"https:\/\/impodcastsumpf.de\/?page_id=77\" data-type=\"page\" data-id=\"77\">Kontaktformular<\/a><\/p>\n","protected":false},"excerpt":{"rendered":"<p>Ger\u00fcchte, Fakten, Neuigkeiten oder auch mal Korrekturen oder wichtige Termine aus der Podcast-Szene. Das alles findet Ihr hier auf dieser<\/p>\n<p><a href=\"https:\/\/impodcastsumpf.de\/?page_id=90\" class=\"more-link\">Continue reading<span class=\"screen-reader-text\">News<\/span><\/a><\/p>\n","protected":false},"author":1,"featured_media":0,"parent":0,"menu_order":0,"comment_status":"closed","ping_status":"closed","template":"","meta":{"footnotes":""},"_links":{"self":[{"href":"https:\/\/impodcastsumpf.de\/index.php?rest_route=\/wp\/v2\/pages\/90"}],"collection":[{"href":"https:\/\/impodcastsumpf.de\/index.php?rest_route=\/wp\/v2\/pages"}],"about":[{"href":"https:\/\/impodcastsumpf.de\/index.php?rest_route=\/wp\/v2\/types\/page"}],"author":[{"embeddable":true,"href":"https:\/\/impodcastsumpf.de\/index.php?rest_route=\/wp\/v2\/users\/1"}],"replies":[{"embeddable":true,"href":"https:\/\/impodcastsumpf.de\/index.php?rest_route=%2Fwp%2Fv2%2Fcomments&post=90"}],"version-history":[{"count":12,"href":"https:\/\/impodcastsumpf.de\/index.php?rest_route=\/wp\/v2\/pages\/90\/revisions"}],"predecessor-version":[{"id":202,"href":"https:\/\/impodcastsumpf.de\/index.php?rest_route=\/wp\/v2\/pages\/90\/revisions\/202"}],"wp:attachment":[{"href":"https:\/\/impodcastsumpf.de\/index.php?rest_route=%2Fwp%2Fv2%2Fmedia&parent=90"}],"curies":[{"name":"wp","href":"https:\/\/api.w.org\/{rel}","templated":true}]}}

<p>Gerüchte, Fakten, Neuigkeiten oder auch mal Korrekturen oder wichtige Termine aus der Podcast-Szene. Das alles findet Ihr hier auf dieser Seite.</p>



<p>Wenn Ihr Tratsch, Nachrichten und interessante Anekdoten aus der Podcastszene für uns habt, dann schreibt uns. Wir wollen mitreden! Am besten erreicht Ihr uns über unser <a href="https://impodcastsumpf.de/?page_id=77" data-type="page" data-id="77">Kontaktformular</a></p>



<p>++++++++ Meldung Januar 2026 +++++++++</p>



<p>Der von uns vorgestellte Podcast <a href="https://fyyd.de/episode/14268381" data-type="link" data-id="https://fyyd.de/episode/14268381">Skandal, Skandal </a>wird vorerst eingestellt. Über die Gründe ist nichts Näheres bekannt. Auf Nachfrage der Fans haben die beiden Hosts Yasmin Polat und Philipp Isterewicz  auf ihrem Skandal, Skandal Instagram Kanal ein kurzes Statement hinterlassen. Über die Zukunft der beiden Hosts ist nichts bekannt. Wir bleiben dran. </p>



<p class="has-text-align-center">++++++++ Meldung Dezember 2024 +++++++++</p>



<p>Der Deutsche Podcastpreis wird eingestellt. Scheinbar gibt es keine ausreichende Finanzierung. Ist zwar schade, aber ob das wirklich ein Verlust ist, da streitet sich die Szene. Der Preis galt ohnehin als Mainstreampreis, bei dem die kleinen Podcasts komplett chancenlos waren. Ein &#8222;echter&#8220; Preis wäre sicherlich besser für die Branche gewesen, denn nur reichweitenstarke Podcasts hatten die Chance auf einen der begehrten Auszeichnungen. Um unbekannte Podcasts auszuzeichnen, lag  zu viel Entscheidungsgewalt beim Publikum.</p>



<p>Sei&#8217;s drum. Aufstehen, Krönchen richten und weiter machen. Wir suchen auf alle Fälle weiter für Euch nach den Perlen im Podcastsumpf.</p>



<p><a href="https://www.deutscher-podcastpreis.de/#about">Hier geht&#8217;s zur Stellungnahme des Podcastpreises   </a> </p>



<p class="has-text-align-center">++++++++ Meldung Oktober 2024 +++++++++</p>



<p>Zwei Meldungen, die euch vielleicht interessieren. Der von uns besprochene und im April 2024 eingestellte Podcast &#8222;Erwartet unerwartet&#8220; ist zurück. Die Schaffenskrise ist überwunden und es geht weiter. <a href="https://linktr.ee/ErwartetUnerwartet">Hier geht&#8217;s zum Podcast</a></p>



<p>Und noch eine Meldung. Der von uns in Folge 60 vorgestellte und mit einer Fanfare versehene Podcast <a href="https://www.ardaudiothek.de/sendung/in-5-tagen-mord-die-krimi-challenge-mit-ki/13027883/">&#8222;In 5 Tagen Mord&#8220;</a> hat tatsächlich den Grimme Preis im Bereich Sonderreis KI bekommen. Da hatten wir ja mal wieder das richtige Näschen. Herzlichen Glückwunsch!<br><a href="https://www.br.de/presse/inhalt/pressemitteilungen/goa-zwei-preise-2024-100.html#:~:text=%C3%9Cber%20gleich%20zwei%20Auszeichnungen%20beim,Krimi%2DChallenge%20mit%20KI%22.">Hier geht&#8217;s zur Meldung</a></p>



<p></p>



<p class="has-text-align-center">++++++++ Meldung aus dem Mai 2024 +++++++++</p>



<p><em>Google Podcast wird eingestellt</em></p>



<p>Ursprünglich für Juni angekündigt, hat Google bereits zum April seinen Service Google-Podcast eingestellt. Die Nutzer sollen mit dieser Maßnahme zu YouTube wechseln. Um den Übergang einfacher zu gestalten, soll Zuhörern ein einfaches Migrationstool an die Hand gegeben werden, um RSS-Feeds ihrer Podcasts zur Bibliothek von YouTube Music hinzufügen. Wer eine andere Plattform bevorzugt, soll eine OPML-Datei bekommen, um die Podcast-Abos auch in andere Player zu übertragen. Auch Podcast-Produzenten sollen entsprechende Werkzeuge angeboten werden für den YouTube-Transfer.</p>



<p>Quelle: <a href="https://www.heise.de/news/Google-stellt-Podcasts-ein-die-eigene-App-fuer-Podcasts-9318315.html">Heise Online</a></p>



<p class="has-text-align-center">++++++++ Meldung aus dem April 2024 +++++++++</p>



<p>Die nachfolgende Meldung ist oben aktualisiert!</p>



<p><em><strong>&#8222;</strong></em><s><em><strong>Erwartet unerwartet&#8220; ist eingestellt. </strong><br></em><br>Der von uns vorgestellte Podcast<a href="https://www.podcast.de/podcast/2628437/erwartet-unerwartet" data-type="link" data-id="https://www.podcast.de/podcast/2628437/erwartet-unerwartet" target="_blank" rel="noreferrer noopener"> &#8222;Erwartet unerwartet&#8220;</a> ist beendet. Die beiden Hosts Meik und Rieke haben sich in ihrer letzten Folge, die bereits am 31.12.2023 erschienen ist, nicht wirklich detailliert erklärt. Nur so viel sei sicher: Sie haben sich nicht im Streit getrennt und bleiben privat weiterhin befreundet. Dies lässt darauf schließen, dass sie aus zeitlichen gründen den Podcast nicht mehr in der gewohnten Qualität liefern können und damit folgerichtig aufhören. Die Fans des Podcasts bleiben jedoch mit einem funken Hoffnung zurück. denn beide haben eine Rückkehr nicht Ausgeschlossen.</s></p>



<hr class="wp-block-separator has-alpha-channel-opacity"/>



<p><em><strong>Apple und Spotify &#8211; Der Kampf der Giganten</strong><br></em><br>Apple will bei Spotify mitkassieren, was Spotify natürlich verhindern will. Seit Monaten geht das jetzt schon hin und her. Das ganze ist nun darin gegipfelt, dass Spotify nun nicht mehr erlaubt, dass die Abonennten mit ApplePay bezahlen können. Wer ApplePay bisher genutzt hat, wird auf ein kostenloses werbegestütztes Abo zurückgestuft. Die beiden Großkonzerne mögen sich gar nicht. Spotify wirft Apple &#8222;Erpressung&#8220; vor. Sie behaupten, dass Apple die Konkurrenz im Streaming benachteiligen würde. Ein kürzlich in Kraft getretenes EU Gesetz (DMA), verschafft Spotofy einen weiteren Sieg gegen über dem iPhone Hersteller. Das Gesetz verbietet, dass sogenannte „Gatekeeper“ wie Google und Apple ihre eigenen Dienste nicht gegenüber Wettbewerbern bevorzugen.</p>



<p>Quellen: <a href="https://tarnkappe.info/artikel/streaming/spotify-revolutioniert-bezahlsystem-fuer-ios-nutzer-in-der-eu-288318.html">Tarnkappe</a>, <a href="https://support.spotify.com/de/article/apple-payments/" target="_blank" rel="noreferrer noopener">Spotify</a>, <a href="https://www.faz.net/aktuell/wirtschaft/unternehmen/spotify-nennt-apple-gebuehren-erpressung-auch-fuer-nicht-nutzer-zahlen-19478218.html" data-type="link" data-id="https://www.faz.net/aktuell/wirtschaft/unternehmen/spotify-nennt-apple-gebuehren-erpressung-auch-fuer-nicht-nutzer-zahlen-19478218.html" target="_blank" rel="noreferrer noopener">FAZ</a></p>



<p class="has-text-align-center">++++++++ Meldung aus dem März 2024 +++++++++</p>



<p><em>Weird Crimes hört auf</em></p>



<p>Der von vorgestellte und hochgelobte Podcast Weird Crimes stellt seinen Dienst im September 2024 ein Dies verkündeten die beiden Hosts Ines Anioli und Visa Vies. Angaben zu den Gründen gab es keine, jedoch hat Visa Vies seit einiger Zeit mit den Folgen einer Long Covid Erkrankung zu kämpfen, die sie auch u.a. in einem eigenen Podcast öffentlich gemacht hat. Wie es mit den beiden weitergeht wurde bisher noch nicht verraten. </p>



<p class="has-text-align-center">+++++++Meldung aus dem April 2024+++++++</p>



<p><em>Deutscher Podcastpreis</em></p>



<p>Noch bis zum 9. April kann für den  deutschen Podcast-Preis 2024 abgestimmt werden. Der reine Publikumspreis wird in 5 Kategorien verliehen. Das ist unserer Meinung nach nicht zielführend, die wirklich guten Podcasts zu premieren, da nur die Podcasts mit großer Reichweite von dem Preis profitieren. Bewerben kann sich zwar jeder Podcast, allerdings sind die Chancen für einen reichweitengeringen Podcast nahe Null. Man sollte einen Podcastpreis von einer unabhängigen Jura ausloben, um auch kleinen Produktionen eine Chance zu geben. Aber was soll&#8217;s &#8230; so ist die Unterhaltungsbranche eben. </p>



<p></p>



<p class="has-text-align-center">+++++++Meldung aus dem November 2023+++++++</p>



<p><em>Die bravorösen 90er ist eingestellt</em></p>



<p>Der von Tina vorgestellte Podcast <a href="https://meinmusikpodcast.de/die-bravouroesen-90er/">&#8222;Die bravourösen 90er&#8220;</a> wurde eingestellt. Im November 2023 haben die beiden Hosts Andreas und Jenni nach ganzen 5 Monaten Pause eine letzte Folge für ihre Fans zum Abschied aufgenommen. Als Grund für die Einstellung des Formats, ist natürlich wie so oft die fehlende Zeit der Protagonisten genannt.</p>



<p>Deine News &#8230;.</p>



<p>Du bist Podcaster, Fan, hast etwas aus der Szene zu verkünden oder  du bist einfach nur gut informiert? Dann schicke uns deine News aus der Podcastszene. Am besten über unser <a href="https://impodcastsumpf.de/?page_id=77" data-type="page" data-id="77">Kontaktformular</a></p>

<p>Gerüchte, Fakten, Neuigkeiten oder auch mal Korrekturen oder wichtige Termine aus der Podcast-Szene. Das alles findet Ihr hier auf dieser</p>
<p><a href="https://impodcastsumpf.de/?page_id=90" class="more-link">Continue reading<span class="screen-reader-text">News</span></a></p>
